, m - 1 = 0. Let i = p - w. Calculate the remainder when 11 is divided by i.
4
Let k = 101832 + -101798. Suppose y - 4*y + 3*x = -420, 3*y - 448 = -4*x. What is the remainder when y is divided by k?
8
Suppose 0 = -38*a - 174 + 1442 + 3824. What is the remainder when 313 is divided by a?
45
Suppose -30 = -4*p - l - 6, 0 = -4*p - 2*l + 28. Let s = 362 - 411. Let a = -35 - s. What is the remainder when a is divided by p?
4
Suppose 405*g = 438*g - 21615. What is the remainder when g is divided by 218?
1
Suppose -4*l = 0, -5*l = -5*p + 282 + 193. Let k(g) = g**2 + 9*g - 185. What is the remainder when p is divided by k(11)?
25
Let x be ((-340)/(-8))/(-17) + 10/4. Suppose x = -p - 5*p + 354. Calculate the remainder when p is divided by 15.
14
What is the remainder when (9060/(-45))/((-88)/132) is divided by 282?
20
Let n = -18165 + 19699. What is the remainder when n is divided by 16?
14
Suppose -10*u + 415 = -5*u. Suppose -6*f + u = -5*f. Let k = f - 64. Calculate the remainder when 93 is divided by k.
17
Let j(v) = v**2 + 11*v + 2. Let b be j(-9). Let g = 447 + -442. Let q = g - b. What is the remainder when 40 is divided by q?
19
Suppose -s = -207*i + 205*i - 183, 12 = -4*i. Calculate the remainder when 1412 is divided by s.
173
Suppose 2*g + 3 = g + u, 4*u = -g + 22. Suppose 0 = -16*w - g*w + 126. What is the remainder when 18 is divided by w?
4
Let k = -2944 - -3183. What is the remainder when 437 is divided by k?
198
Let b(t) = t**2 + 2*t + 17. Let g be b(-6). Suppose g*s + 148 = 43*s. Let q(f) = f**3 - f**2 - 5*f - 3. What is the remainder when s is divided by q(4)?
24
Let k = 7438 + -6461. Calculate the remainder when k is divided by 49.
46
Let s = 7193 + -7066. What is the remainder when s is divided by 56?
15
Let n(w) = 59*w + 48. Let s be n(5). Let u = 371 - s. What is the remainder when u is divided by 6?
4
Let w be (-15)/(-6) - 1/2. What is the remainder when w/(-6) - 211/(-3) is divided by (-1062)/472 + (420/(-8))/(0 + -2)?
22
Suppose 0 = -6*h + 7 + 23. Suppose 0 = -10*g + h*g + 140. Suppose -2*j + g + 10 = 2*c, -2*j = -4*c - 20. What is the remainder when 62 is divided by j?
14
Suppose -4*m - 40 = -d, -5*d + m + 814 = 671. What is the remainder when 726 is divided by d?
26
Suppose -3*p = -4*m + 167 - 47, 5*m = 0. Calculate the remainder when 41 is divided by ((-32)/p - (-1)/5) + 8.
5
Let p(u) = 21*u**2 + 25*u + 68. Let c be p(-3). Let y = c + -180. What is the remainder when 3 is divided by y?
1
Suppose -t - 143 + 173 = 0. Suppose s - 35 = 37. Suppose -t + 1 = -2*u - 5*g, -4*u + 4*g = -s. Calculate the remainder when 134 is divided by u.
15
Suppose 92684 = -17*l + 258570. Suppose -2045 = -37*y + l. What is the remainder when y is divided by 64?
63
Let h = 391 + -761. Let v = -221 - h. Calculate the remainder when v is divided by 22.
17
Let k(f) = 53*f + 46. Let v be k(-4). Let z = 187 + v. Calculate the remainder when z is divided by 11.
10
Suppose 0 = r - 59 + 13. Let d(l) = -9*l**3 + 158*l**2 + 75*l - 23. What is the remainder when r is divided by d(18)?
15
Let a(h) = -9*h**2 + 427*h - 92. Calculate the remainder when 627 is divided by a(47).
51
Let k(s) = -s**3 + 24*s**2 - 103*s - 9. What is the remainder when k(18) is divided by 51?
30
Let d = 4733 + -4702. What is the remainder when (-2 + -59)*(-3 + 0) is divided by d?
28
Suppose 39*n - 36*n = 3*l - 171, 4*n + 1047 = 17*l. Let j(g) be the first derivative of g**2/2 + 16*g + 1. Calculate the remainder when l is divided by j(0).
15
Let r = 2296 - 2282. Let s be (-6)/(-15) + (-69)/(-15). Suppose s*u = 2*u + 246. What is the remainder when u is divided by r?
12
Suppose -4*x = -x - 27. Suppose 5*c - 671 = -5*t + 309, -3*c = 2*t - 395. Let l = 199 - t. Calculate the remainder when x is divided by l.
3
Let o(t) = 2*t**3 + 6*t**2 - 4*t + 8. Let p(l) = -2*l + 5. Let i be p(5). Let f be o(i). Let b = 135 + f. What is the remainder when b is divided by 23?
17
Let x(l) = 56*l + 278. What is the remainder when 968 is divided by x(-4)?
50
Suppose -28*i - 53 - 31 = 0. What is the remainder when 1045/44 - i/12 is divided by 7?
3
Suppose t - 111 = -3*a - 0*t, a = -3*t + 37. What is the remainder when a is divided by (-2)/10*((-20)/((-460)/(-2001)) - -22)?
11
Let f = -136 - -294. Let q = f - 7. Calculate the remainder when q is divided by 11.
8
Let x = 18206 + -17979. What is the remainder when 694 is divided by x?
13
Let p(z) = z**3 + 6*z**2. Let t be p(-9). Let g = t + 377. Suppose -2*c = 4*y - 140, 67 - 9 = 2*y - 5*c. Calculate the remainder when g is divided by y.
32
What is the remainder when 13*16230/650*(-25)/(-3) is divided by 84?
17
Let q be ((-112)/32)/((-1)/(-8)). Let r = q + 47. What is the remainder when (76 - -3) + -2 + -2 is divided by r?
18
Suppose 5790 + 9897 = 27*k. Let u = -507 + k. Calculate the remainder when u is divided by 21.
11
Suppose -3660 + 1571 = -83*d + 9199. What is the remainder when 142 is divided by d?
6
Suppose 36868 = -14*c + 37092. Calculate the remainder when 11326 is divided by c.
14
Let l(d) = 24*d - 5. Let o be l(2). Let r = 36 + o. Suppose -2*h = 5*j - 126, -270 = -5*h - 4*j + r. What is the remainder when h is divided by 19?
16
Suppose g + 4 - 1 = 5*j, -4*g + 63 = 5*j. Let c(p) = p**2 - 10*p - 24. Let q be c(g). What is the remainder when -1 - (1 + q)*-104 is divided by 21?
19
Let t be (-3)/33 - 10392/(-88). Suppose 0 = -5*q + t + 17. Calculate the remainder when 103 is divided by q.
22
Suppose 5*z - 15 = -4*x + 129, 4*x + z = 128. Let k(g) = -2*g + 13. Calculate the remainder when x is divided by k(-5).
8
Let k(z) = -14*z**3 - 14*z - 26. What is the remainder when k(-7) is divided by 119?
114
Let z(c) = -c**2 + 23*c + 113. Let i be z(-4). Suppose -t + i*m = -4*t + 842, -1 = -m. Calculate the remainder when t is divided by 28.
27
Suppose 0 = -42*r + 47*r + 5*o - 3575, 1426 = 2*r - 2*o. Calculate the remainder when r is divided by 27.
12
Suppose 12*n - 6*n = 396. Suppose -110*y - 2822 = -193*y. What is the remainder when n is divided by y?
32
What is the remainder when 171 is divided by 87*(225/270 - 10/(-12))?
26
Let g = 147 - 134. Suppose -3*b = -6, 5*u - 3*b - 9 - 10 = 0. Suppose u*w - 22 - g = 0. Calculate the remainder when 34 is divided by w.
6
Let z(o) = 225*o**2 - 57*o + 260. Calculate the remainder when z(5) is divided by 24.
8
Let i(x) = -2*x**3 - 61*x**2 - 441*x + 22. What is the remainder when 99 is divided by i(-19)?
1
Suppose -25*y - 1581 - 344 = 0. Calculate the remainder when 117 is divided by -2 - (y + 4) - 1.
47
Suppose g + b = -0*g - 3, -3*b = 2*g + 11. Suppose -3*r + 4*p - 47 = -3, 0 = -3*r - 3*p - 30. Let y = g - r. Calculate the remainder when 52 is divided by y.
10
Suppose 244*d - 201*d - 3139 = 0. Calculate the remainder when 230 is divided by d.
11
What is the remainder when ((-69)/115)/((28/(-16300))/7) is divided by 188?
1
Suppose 4*w = -7*c + 10*c - 5057, 6780 = 4*c + 4*w. Suppose 8*t - c - 725 = 0. Calculate the remainder when t is divided by 18.
14
Let h = -15352 - -15748. Calculate the remainder when h is divided by 137.
122
Let k(a) = 3*a**3 - a**2 - 10*a + 43. Calculate the remainder when 97 is divided by k(3).
12
Let g be (((0 - 6) + 6)/4)/2. Suppose 25*k - 242 - 58 = g. Calculate the remainder when 57 is divided by k.
9
Suppose -186 = -3*n + l, -4*n + 250 = -17*l + 15*l. What is the remainder when 1645 is divided by n?
59
Let p(c) = 2*c**2 - 28*c - 201. What is the remainder when p(21) is divided by 83?
10
Suppose -13*h - 48*h = -1159. Calculate the remainder when 530 is divided by h.
17
Suppose 0 = -18*p - 58*p + 836. What is the remainder when 787 is divided by p?
6
Let s(r) = 6*r**2 - 3*r + 45. Let j be s(5). Suppose 4 = z, -5*i + j - 28 = 3*z. Calculate the remainder when 250 is divided by i.
26
Let o(j) be the third derivative of 23*j**4/24 - 3*j**3/2 + 22*j**2. Calculate the remainder when o(1) is divided by 5.
4
Let k(h) = 514*h - 4075. Calculate the remainder when 250 is divided by k(8).
28
Let f = 384 + -256. Suppose -2599 + 1340 - 4565 = -224*a. What is the remainder when f is divided by a?
24
Suppose 0*h - 4*h + 12 = 0. Suppose -25*j = 183 - 339 - 394. Calculate the remainder when j is divided by h.
1
Let s be (4/(-22))/1 - 2481/(-33). What is the remainder when (176/(-10))/((-6)/s) is divided by 56?
52
Su